{"id":3144,"date":"2025-09-17T07:12:24","date_gmt":"2025-09-17T07:12:24","guid":{"rendered":"http:\/\/shdbf.fr\/?page_id=3144"},"modified":"2025-09-17T07:12:24","modified_gmt":"2025-09-17T07:12:24","slug":"les-archives","status":"publish","type":"page","link":"https:\/\/www.shdbf.fr\/index.php\/les-archives\/","title":{"rendered":"Les archives"},"content":{"rendered":"\n<p class=\"has-medium-font-size\"><strong>Localisation et acc\u00e8s aux archives<\/strong><\/p>\n\n\n\n<p>La Soci\u00e9t\u00e9 d\u2019Histoire et de Documentation Baptiste de France est heureuse d\u2019accueillir chercheurs, \u00e9tudiants, pasteurs et toute personne int\u00e9ress\u00e9e par l\u2019histoire baptiste dans ses locaux situ\u00e9s\u00a0<strong>au 48 rue de Lille, Paris 7\u1d49<\/strong>. Notre fonds documentaire rassemble des archives vari\u00e9es (documents imprim\u00e9s, correspondances, registres, photos, affiches, enregistrements, etc.) retra\u00e7ant la vie et l\u2019action des \u00c9glises et des personnalit\u00e9s baptistes en France et \u00e0 l\u2019\u00e9tranger. Afin de garantir la bonne conservation et la disponibilit\u00e9 des documents, la consultation des archives s\u2019effectue\u00a0<strong>uniquement sur demande et sur rendez-vous<\/strong>. Cela nous permet de pr\u00e9parer les dossiers pertinents et de vous offrir un cadre de travail adapt\u00e9 et respectueux des conditions de conservation.<\/p>\n\n\n\n<p><\/p>\n\n\n\n<p class=\"has-medium-font-size\"><strong>Notre engagement pour la collecte et la sauvegarde du patrimoine baptiste<\/strong><\/p>\n\n\n\n<p>L\u2019une de nos missions principales est de\u00a0<strong>pr\u00e9server et valoriser le patrimoine documentaire du baptisme<\/strong>. Nous sommes convaincus que chaque document, m\u00eame modeste, contribue \u00e0 reconstituer l\u2019histoire et \u00e0 transmettre la m\u00e9moire des g\u00e9n\u00e9rations pass\u00e9es. Dans ce cadre, nous cherchons activement \u00e0 enrichir nos collections en recueillant des archives issues des \u00c9glises, des unions, des \u0153uvres ou de particuliers. Si vous poss\u00e9dez des documents, archives personnelles, photographies, bulletins, manuscrits, enregistrements ou tout autre support li\u00e9 \u00e0 la vie baptiste et que vous envisagez de les \u00e9carter ou de vous en s\u00e9parer,\u00a0<strong>n\u2019h\u00e9sitez pas \u00e0 nous contacter avant tout tri ou destruction<\/strong>. Nous serions heureux d\u2019\u00e9valuer avec vous la possibilit\u00e9 d\u2019int\u00e9grer ces documents \u00e0 nos fonds afin d\u2019en assurer la conservation, l\u2019\u00e9tude et la mise \u00e0 disposition des g\u00e9n\u00e9rations futures.<\/p>\n","protected":false},"excerpt":{"rendered":"<p>Localisation et acc\u00e8s aux archives La Soci\u00e9t\u00e9 d\u2019Histoire et de Documentation Baptiste de France est heureuse d\u2019accueillir chercheurs, \u00e9tudiants, pasteurs et toute personne int\u00e9ress\u00e9e par l\u2019histoire baptiste dans ses locaux situ\u00e9s\u00a0au 48 rue de Lille, Paris 7\u1d49. Notre fonds documentaire rassemble des archives vari\u00e9es (documents imprim\u00e9s, correspondances, registres, photos, affiches, enregistrements, etc.) retra\u00e7ant la vie [&hellip;]<\/p>\n","protected":false},"author":1,"featured_media":0,"parent":0,"menu_order":0,"comment_status":"closed","ping_status":"closed","template":"","meta":{"footnotes":""},"class_list":["post-3144","page","type-page","status-publish","hentry"],"_links":{"self":[{"href":"https:\/\/www.shdbf.fr\/index.php\/wp-json\/wp\/v2\/pages\/3144","targetHints":{"allow":["GET"]}}],"collection":[{"href":"https:\/\/www.shdbf.fr\/index.php\/wp-json\/wp\/v2\/pages"}],"about":[{"href":"https:\/\/www.shdbf.fr\/index.php\/wp-json\/wp\/v2\/types\/page"}],"author":[{"embeddable":true,"href":"https:\/\/www.shdbf.fr\/index.php\/wp-json\/wp\/v2\/users\/1"}],"replies":[{"embeddable":true,"href":"https:\/\/www.shdbf.fr\/index.php\/wp-json\/wp\/v2\/comments?post=3144"}],"version-history":[{"count":1,"href":"https:\/\/www.shdbf.fr\/index.php\/wp-json\/wp\/v2\/pages\/3144\/revisions"}],"predecessor-version":[{"id":3145,"href":"https:\/\/www.shdbf.fr\/index.php\/wp-json\/wp\/v2\/pages\/3144\/revisions\/3145"}],"wp:attachment":[{"href":"https:\/\/www.shdbf.fr\/index.php\/wp-json\/wp\/v2\/media?parent=3144"}],"curies":[{"name":"wp","href":"https:\/\/api.w.org\/{rel}","templated":true}]}}