{"id":3112,"date":"2025-09-17T07:05:53","date_gmt":"2025-09-17T07:05:53","guid":{"rendered":"http:\/\/shdbf.fr\/?page_id=3112"},"modified":"2025-09-17T08:51:58","modified_gmt":"2025-09-17T08:51:58","slug":"le-conseil-dadministration","status":"publish","type":"page","link":"https:\/\/www.shdbf.fr\/index.php\/le-conseil-dadministration\/","title":{"rendered":"Le Conseil d&rsquo;Administration"},"content":{"rendered":"\n<div class=\"wp-block-group is-layout-constrained wp-block-group-is-layout-constrained\">\n<p class=\"has-medium-font-size\"><strong>Les membres fondateurs de l&rsquo;association sont :<\/strong><\/p>\n\n\n\n<ul class=\"wp-block-list\">\n<li>La F\u00e9d\u00e9ration des \u00c9glises \u00c9vang\u00e9liques Baptistes de France (FEEBF)<\/li>\n\n\n\n<li>L\u2019 Association \u00c9vang\u00e9lique d&rsquo;\u00c9glises Baptistes de Langue Fran\u00e7aise (AEEBLF)<\/li>\n<\/ul>\n<\/div>\n\n\n\n<p><\/p>\n\n\n\n<p><\/p>\n\n\n\n<p class=\"has-medium-font-size\"><strong>Le Conseil d&rsquo;Administration<\/strong><\/p>\n\n\n\n<p>Cet \u00e9quilibre Association Baptiste \/ F\u00e9d\u00e9ration Baptiste se retrouve dans son Conseil d\u2019Administration&nbsp; <\/p>\n\n\n\n<ul class=\"wp-block-list\">\n<li><strong>Paul Bourdois<\/strong>, Pr\u00e9sident : Pasteur de l&rsquo;AEEBLF<\/li>\n\n\n\n<li><strong>Jos\u00e9 Loncke<\/strong>, Vice-Pr\u00e9sident : Pasteur de la FEEBF<\/li>\n\n\n\n<li><strong>Claire App\u00e9r\u00e9<\/strong>, Secr\u00e9taire : Membre de l&rsquo;AEEBLF<\/li>\n\n\n\n<li><strong>David Porteous<\/strong>, Tr\u00e9sorier : Membre de l&rsquo;AEEBLF<\/li>\n\n\n\n<li><strong>Anniel Hatton<\/strong> : Pasteure \u00e9m\u00e9rite de la FEEBF<\/li>\n\n\n\n<li><strong>William Hatton<\/strong> : Pasteur \u00e9m\u00e9rite de la FEEBF<\/li>\n\n\n\n<li><strong>Alain Debret<\/strong> : Pasteur \u00e9m\u00e9rite de l&rsquo;AEEBLF<\/li>\n\n\n\n<li><strong>Francis Thobois<\/strong> : Pasteur \u00e9m\u00e9rite de la FEEBF<\/li>\n\n\n\n<li><strong>Fran\u00e7oise Pillon<\/strong> : Membre de l&rsquo;AEEBLF<\/li>\n<\/ul>\n","protected":false},"excerpt":{"rendered":"<p>Les membres fondateurs de l&rsquo;association sont : Le Conseil d&rsquo;Administration Cet \u00e9quilibre Association Baptiste \/ F\u00e9d\u00e9ration Baptiste se retrouve dans son Conseil d\u2019Administration&nbsp;<\/p>\n","protected":false},"author":1,"featured_media":0,"parent":0,"menu_order":0,"comment_status":"closed","ping_status":"closed","template":"","meta":{"footnotes":""},"class_list":["post-3112","page","type-page","status-publish","hentry"],"_links":{"self":[{"href":"https:\/\/www.shdbf.fr\/index.php\/wp-json\/wp\/v2\/pages\/3112","targetHints":{"allow":["GET"]}}],"collection":[{"href":"https:\/\/www.shdbf.fr\/index.php\/wp-json\/wp\/v2\/pages"}],"about":[{"href":"https:\/\/www.shdbf.fr\/index.php\/wp-json\/wp\/v2\/types\/page"}],"author":[{"embeddable":true,"href":"https:\/\/www.shdbf.fr\/index.php\/wp-json\/wp\/v2\/users\/1"}],"replies":[{"embeddable":true,"href":"https:\/\/www.shdbf.fr\/index.php\/wp-json\/wp\/v2\/comments?post=3112"}],"version-history":[{"count":9,"href":"https:\/\/www.shdbf.fr\/index.php\/wp-json\/wp\/v2\/pages\/3112\/revisions"}],"predecessor-version":[{"id":3180,"href":"https:\/\/www.shdbf.fr\/index.php\/wp-json\/wp\/v2\/pages\/3112\/revisions\/3180"}],"wp:attachment":[{"href":"https:\/\/www.shdbf.fr\/index.php\/wp-json\/wp\/v2\/media?parent=3112"}],"curies":[{"name":"wp","href":"https:\/\/api.w.org\/{rel}","templated":true}]}}

<div class="wp-block-group is-layout-constrained wp-block-group-is-layout-constrained">
<p class="has-medium-font-size"><strong>Les membres fondateurs de l&rsquo;association sont :</strong></p>



<ul class="wp-block-list">
<li>La Fédération des Églises Évangéliques Baptistes de France (FEEBF)</li>



<li>L’ Association Évangélique d&rsquo;Églises Baptistes de Langue Française (AEEBLF)</li>
</ul>
</div>



<p></p>



<p></p>



<p class="has-medium-font-size"><strong>Le Conseil d&rsquo;Administration</strong></p>



<p>Cet équilibre Association Baptiste / Fédération Baptiste se retrouve dans son Conseil d’Administration&nbsp; </p>



<ul class="wp-block-list">
<li><strong>Paul Bourdois</strong>, Président : Pasteur de l&rsquo;AEEBLF</li>



<li><strong>José Loncke</strong>, Vice-Président : Pasteur de la FEEBF</li>



<li><strong>Claire Appéré</strong>, Secrétaire : Membre de l&rsquo;AEEBLF</li>



<li><strong>David Porteous</strong>, Trésorier : Membre de l&rsquo;AEEBLF</li>



<li><strong>Anniel Hatton</strong> : Pasteure émérite de la FEEBF</li>



<li><strong>William Hatton</strong> : Pasteur émérite de la FEEBF</li>



<li><strong>Alain Debret</strong> : Pasteur émérite de l&rsquo;AEEBLF</li>



<li><strong>Francis Thobois</strong> : Pasteur émérite de la FEEBF</li>



<li><strong>Françoise Pillon</strong> : Membre de l&rsquo;AEEBLF</li>
</ul>

<p>Les membres fondateurs de l&rsquo;association sont : Le Conseil d&rsquo;Administration Cet équilibre Association Baptiste / Fédération Baptiste se retrouve dans son Conseil d’Administration&nbsp;</p>
