{"id":3100,"date":"2025-09-16T12:26:03","date_gmt":"2025-09-16T14:26:03","guid":{"rendered":"https:\/\/example.com\/?page_id=3100"},"modified":"2025-09-17T07:05:53","modified_gmt":"2025-09-17T07:05:53","slug":"presentation-shdbf-enrichie","status":"publish","type":"page","link":"https:\/\/www.shdbf.fr\/index.php\/presentation-shdbf-enrichie\/","title":{"rendered":"Pr\u00e9sentation de la SHDBF"},"content":{"rendered":"\n<p>La Soci\u00e9t\u00e9 d&rsquo;Histoire et de Documentation Baptistes de France a \u00e9t\u00e9 cr\u00e9\u00e9e le 22 janvier 2000.&nbsp;<\/p>\n\n\n\n<p>Elle pour but de <strong>rassembler, pr\u00e9server et conserver les traces de l&rsquo;identit\u00e9 baptiste<\/strong>, tout en encourageant la recherche historique.<\/p>\n\n\n\n<p>Pour <strong>pr\u00e9server et transmettre<\/strong> la m\u00e9moire du mouvement baptiste en France, nous publions des ouvrages, organisons des conf\u00e9rences et mettons \u00e0 disposition des ressources historiques pour les \u00c9glises, les chercheurs et le grand public.<\/p>\n\n\n\n<h2 class=\"wp-block-heading\">Notre mission<\/h2>\n\n\n\n<ul class=\"wp-block-list\">\n<li>Conserver des <em>archives<\/em> et <em>documents<\/em>.<\/li>\n\n\n\n<li>Publier des <em>revues et livres<\/em> sur l\u2019histoire baptiste.<\/li>\n\n\n\n<li>Faire conna\u00eetre des <em>figures marquantes<\/em> (pasteurs, missionnaires, th\u00e9ologiens).<\/li>\n\n\n\n<li>Accompagner les <em>\u00c9glises locales<\/em> dans la valorisation de leur histoire.<\/li>\n<\/ul>\n\n\n\n<h2 class=\"wp-block-heading\">Sp\u00e9cificit\u00e9s baptistes<\/h2>\n\n\n\n<div class=\"wp-block-group has-border-color has-contrast-border-color is-layout-flow wp-block-group-is-layout-flow\" style=\"border-style:solid;border-width:1px;padding-top:16px;padding-right:16px;padding-bottom:16px;padding-left:16px\">\n<p>Pour d\u00e9crire l\u2019ADN \u00e9vang\u00e9lique dont les \u00c9glises baptistes font partie, l\u2019historien <strong>David Bebbington<\/strong> a identifi\u00e9 quatre marqueurs :<\/p>\n\n\n\n<ul class=\"wp-block-list\">\n<li><strong>Conversionnisme<\/strong> \u2013 La n\u00e9cessit\u00e9 d\u2019une conversion personnelle \u00e0 J\u00e9sus-Christ.<\/li>\n\n\n\n<li><strong>Biblicisme<\/strong> \u2013 La Bible comme autorit\u00e9 supr\u00eame pour la foi et la vie.<\/li>\n\n\n\n<li><strong>Crucicentrisme<\/strong> \u2013 La croix du Christ au centre de l\u2019\u00c9vangile et de la pr\u00e9dication.<\/li>\n\n\n\n<li><strong>Activisme<\/strong> \u2013 Un engagement concret : \u00e9vang\u00e9lisation, service et vie communautaire.<\/li>\n<\/ul>\n<\/div>\n\n\n\n<h2 class=\"wp-block-heading\">Ce que vous trouverez sur ce site<\/h2>\n\n\n\n<div class=\"wp-block-columns is-layout-flex wp-container-core-columns-is-layout-28f84493 wp-block-columns-is-layout-flex\">\n<h3 class=\"wp-block-heading\">Articles<\/h3>\n\n\n\n<p>Des articles courts et des dossiers pour comprendre des p\u00e9riodes, des lieux et des personnes cl\u00e9s.<\/p>\n\n\n\n<h3 class=\"wp-block-heading\">Documents<\/h3>\n\n\n\n<p>Transcriptions, fac-simil\u00e9s et pi\u00e8ces d\u2019archives contextualis\u00e9es.<\/p>\n\n\n\n<h3 class=\"wp-block-heading\">Vid\u00e9os &amp; conf\u00e9rences<\/h3>\n\n\n\n<p>Replays d\u2019interventions, webinaires et pr\u00e9sentations publiques.<\/p>\n<\/div>\n\n\n\n<h2 class=\"wp-block-heading\">Nous contacter<\/h2>\n\n\n\n<p>Pour toute question, proposition d\u2019article ou d\u00e9p\u00f4t d\u2019archives, utilisez notre <a href=\"\/contact\">formulaire de contact<\/a>.<\/p>\n","protected":false},"excerpt":{"rendered":"<p>La Soci\u00e9t\u00e9 d&rsquo;Histoire et de Documentation Baptistes de France a \u00e9t\u00e9 cr\u00e9\u00e9e le 22 janvier 2000.&nbsp; Elle pour but de rassembler, pr\u00e9server et conserver les traces de l&rsquo;identit\u00e9 baptiste, tout en encourageant la recherche historique. Pour pr\u00e9server et transmettre la m\u00e9moire du mouvement baptiste en France, nous publions des ouvrages, organisons des conf\u00e9rences et mettons [&hellip;]<\/p>\n","protected":false},"author":1,"featured_media":0,"parent":0,"menu_order":0,"comment_status":"closed","ping_status":"closed","template":"","meta":{"footnotes":""},"class_list":["post-3100","page","type-page","status-publish","hentry"],"_links":{"self":[{"href":"https:\/\/www.shdbf.fr\/index.php\/wp-json\/wp\/v2\/pages\/3100","targetHints":{"allow":["GET"]}}],"collection":[{"href":"https:\/\/www.shdbf.fr\/index.php\/wp-json\/wp\/v2\/pages"}],"about":[{"href":"https:\/\/www.shdbf.fr\/index.php\/wp-json\/wp\/v2\/types\/page"}],"author":[{"embeddable":true,"href":"https:\/\/www.shdbf.fr\/index.php\/wp-json\/wp\/v2\/users\/1"}],"replies":[{"embeddable":true,"href":"https:\/\/www.shdbf.fr\/index.php\/wp-json\/wp\/v2\/comments?post=3100"}],"version-history":[{"count":7,"href":"https:\/\/www.shdbf.fr\/index.php\/wp-json\/wp\/v2\/pages\/3100\/revisions"}],"predecessor-version":[{"id":3141,"href":"https:\/\/www.shdbf.fr\/index.php\/wp-json\/wp\/v2\/pages\/3100\/revisions\/3141"}],"wp:attachment":[{"href":"https:\/\/www.shdbf.fr\/index.php\/wp-json\/wp\/v2\/media?parent=3100"}],"curies":[{"name":"wp","href":"https:\/\/api.w.org\/{rel}","templated":true}]}}

Présentation de la SHDBF

<p>La Société d&rsquo;Histoire et de Documentation Baptistes de France a été créée le 22 janvier 2000.&nbsp;</p>



<p>Elle pour but de <strong>rassembler, préserver et conserver les traces de l&rsquo;identité baptiste</strong>, tout en encourageant la recherche historique.</p>



<p>Pour <strong>préserver et transmettre</strong> la mémoire du mouvement baptiste en France, nous publions des ouvrages, organisons des conférences et mettons à disposition des ressources historiques pour les Églises, les chercheurs et le grand public.</p>



<h2 class="wp-block-heading">Notre mission</h2>



<ul class="wp-block-list">
<li>Conserver des <em>archives</em> et <em>documents</em>.</li>



<li>Publier des <em>revues et livres</em> sur l’histoire baptiste.</li>



<li>Faire connaître des <em>figures marquantes</em> (pasteurs, missionnaires, théologiens).</li>



<li>Accompagner les <em>Églises locales</em> dans la valorisation de leur histoire.</li>
</ul>



<h2 class="wp-block-heading">Spécificités baptistes</h2>



<div class="wp-block-group has-border-color has-contrast-border-color is-layout-flow wp-block-group-is-layout-flow" style="border-style:solid;border-width:1px;padding-top:16px;padding-right:16px;padding-bottom:16px;padding-left:16px">
<p>Pour décrire l’ADN évangélique dont les Églises baptistes font partie, l’historien <strong>David Bebbington</strong> a identifié quatre marqueurs :</p>



<ul class="wp-block-list">
<li><strong>Conversionnisme</strong> – La nécessité d’une conversion personnelle à Jésus-Christ.</li>



<li><strong>Biblicisme</strong> – La Bible comme autorité suprême pour la foi et la vie.</li>



<li><strong>Crucicentrisme</strong> – La croix du Christ au centre de l’Évangile et de la prédication.</li>



<li><strong>Activisme</strong> – Un engagement concret : évangélisation, service et vie communautaire.</li>
</ul>
</div>



<h2 class="wp-block-heading">Ce que vous trouverez sur ce site</h2>



<div class="wp-block-columns is-layout-flex wp-container-core-columns-is-layout-28f84493 wp-block-columns-is-layout-flex">
<h3 class="wp-block-heading">Articles</h3>



<p>Des articles courts et des dossiers pour comprendre des périodes, des lieux et des personnes clés.</p>



<h3 class="wp-block-heading">Documents</h3>



<p>Transcriptions, fac-similés et pièces d’archives contextualisées.</p>



<h3 class="wp-block-heading">Vidéos &amp; conférences</h3>



<p>Replays d’interventions, webinaires et présentations publiques.</p>
</div>



<h2 class="wp-block-heading">Nous contacter</h2>



<p>Pour toute question, proposition d’article ou dépôt d’archives, utilisez notre <a href="/contact">formulaire de contact</a>.</p>

<p>La Société d&rsquo;Histoire et de Documentation Baptistes de France a été créée le 22 janvier 2000.&nbsp; Elle pour but de rassembler, préserver et conserver les traces de l&rsquo;identité baptiste, tout en encourageant la recherche historique. Pour préserver et transmettre la mémoire du mouvement baptiste en France, nous publions des ouvrages, organisons des conférences et mettons [&hellip;]</p>
